factors of 23529?
3, 11, 23, 31
List the prime factors of 5516.
2, 7, 197
What are the prime factors of 8501?
8501
What are the prime factors of 3691?
3691
What are the prime factors of 16332?
2, 3, 1361
List the prime factors of 17243.
43, 401
List the prime factors of 605.
5, 11
What are the prime factors of 3931?
3931
List the prime factors of 3518.
2, 1759
List the prime factors of 868.
2, 7, 31
List the prime factors of 9637.
23, 419
What are the prime factors of 2097?
3, 233
List the prime factors of 62265.
3, 5, 7, 593
What are the prime factors of 9335?
5, 1867
List the prime factors of 11163.
3, 61
What are the prime factors of 18792?
2, 3, 29
What are the prime factors of 66?
2, 3, 11
List the prime factors of 36929.
36929
What are the prime factors of 1117?
1117
What are the prime factors of 5891?
43, 137
List the prime factors of 63188.
2, 15797
List the prime factors of 349.
349
List the prime factors of 482.
2, 241
List the prime factors of 5290.
2, 5, 23
What are the prime factors of 107320?
2, 5, 2683
What are the prime factors of 1225?
5, 7
What are the prime factors of 10517?
13, 809
What are the prime factors of 1780?
2, 5, 89
List the prime factors of 15832.
2, 1979
List the prime factors of 100169.
100169
What are the prime factors of 2251?
2251
List the prime factors of 14203.
7, 2029
List the prime factors of 47016.
2, 3, 653
What are the prime factors of 2193?
3, 17, 43
List the prime factors of 42213.
3, 14071
What are the prime factors of 1175?
5, 47
List the prime factors of 13519.
11, 1229
List the prime factors of 4088.
2, 7, 73
What are the prime factors of 4671?
3, 173
List the prime factors of 5240.
2, 5, 131
List the prime factors of 16091.
16091
What are the prime factors of 62010?
2, 3, 5, 13, 53
What are the prime factors of 1419?
3, 11, 43
What are the prime factors of 29506?
2, 14753
List the prime factors of 72824.
2, 9103
What are the prime factors of 2663?
2663
What are the prime factors of 36002?
2, 47, 383
What are the prime factors of 3849?
3, 1283
What are the prime factors of 1184?
2, 37
List the prime factors of 43598.
2, 21799
What are the prime factors of 11469?
3, 3823
List the prime factors of 888.
2, 3, 37
What are the prime factors of 3400?
2, 5, 17
What are the prime factors of 1207?
17, 71
List the prime factors of 17483.
17483
List the prime factors of 37534.
2, 7, 383
List the prime factors of 88436.
2, 22109
List the prime factors of 2965.
5, 593
List the prime factors of 474.
2, 3, 79
List the prime factors of 27402.
2, 3, 4567
List the prime factors of 23973.
3, 61, 131
List the prime factors of 21594.
2, 3, 59, 61
List the prime factors of 22262.
2, 11131
What are the prime factors of 155479?
181, 859
List the prime factors of 729.
3
What are the prime factors of 25537?
25537
What are the prime factors of 111594?
2, 3, 7, 2657
What are the prime factors of 4026?
2, 3, 11, 61
List the prime factors of 16323.
3, 5441
List the prime factors of 9005.
5, 1801
List the prime factors of 643.
643
What are the prime factors of 2401?
7
List the prime factors of 17777.
29, 613
List the prime factors of 57.
3, 19
What are the prime factors of 444?
2, 3, 37
What are the prime factors of 611?
13, 47
What are the prime factors of 958?
2, 479
List the prime factors of 2624.
2, 41
What are the prime factors of 73837?
47, 1571
What are the prime factors of 8783?
8783
What are the prime factors of 22966?
2, 11483
What are the prime factors of 73?
73
What are the prime factors of 66750?
2, 3, 5, 89
List the prime factors of 29084.
2, 11, 661
List the prime factors of 60978.
2, 3, 10163
List the prime factors of 11975.
5, 479
List the prime factors of 22463.
7, 3209
What are the prime factors of 85469?
85469
List the prime factors of 18024.
2, 3, 751
List the prime factors of 1099.
7, 157
List the prime factors of 1796.
2, 449
What are the prime factors of 3131?
31, 101
List the prime factors of 219.
3, 73
List the prime factors of 3396.
2, 3, 283
What are the prime factors of 578?
2, 17
List the prime factors of 2393.
2393
What are the prime factors of 300?
2, 3, 5
List the prime factors of 16990.
2, 5, 1699
List the prime factors of 23778.
2, 3, 1321
What are the prime factors of 509?
509
What are the prime factors of 10866?
2, 3, 1811
What are the prime factors of 36947?
36947
What are the prime factors of 14391?
3, 13, 41
List the prime factors of 4100.
2, 5, 41
What are the prime factors of 9396?
2, 3, 29
List the prime factors of 4586.
2, 2293
List the prime factors of 84056.
2, 7, 19, 79
What are the prime factors of 1165?
5, 233
What are the prime factors of 10075?
5, 13, 31
List the prime factors of 100.
2, 5
What are the prime factors of 1062?
2, 3, 59
List the prime factors of 706.
2, 353
List the prime factors of 11562.
2, 3, 41, 47
List the prime factors of 51016.
2, 7, 911
List the prime factors of 51156.
2, 3, 7, 29
List the prime factors of 614.
2, 307
What are the prime factors of 3076?
2, 769
List the prime factors of 40375.
5, 17, 19
What are the prime factors of 538?
2, 269
List the prime factors of 39525.
3, 5, 17, 31
List the prime factors of 3682.
2, 7, 263
What are the prime factors of 784?
2, 7
What are the prime factors of 5348?
2, 7, 191
List the prime factors of 857.
857
List the prime factors of 28160.
2, 5, 11
What are the prime factors of 15017?
15017
List the prime factors of 33977.
61, 557
What are the prime factors of 593?
593
What are the prime factors of 29702?
2, 14851
List the prime factors of 20969.
13, 1613
List the prime factors of 1432.
2, 179
What are the prime factors of 160?
2, 5
List the prime factors of 801.
3, 89
List the prime factors of 10401.
3, 3467
List the prime factors of 2548.
2, 7, 13
What are the prime factors of 25107?
3, 8369
What are the prime factors of 10321?
10321
List the prime factors of 9748.
2, 2437
List the prime factors of 12238.
2, 29, 211
What are the prime factors of 87151?
87151
List the prime factors of 4697.
7, 11, 61
What are the prime factors of 3950?
2, 5, 79
What are the prime factors of 1185?
3, 5, 79
List the prime factors of 1531.
1531
What are the prime factors of 168737?
168737
List the prime factors of 1449.
3, 7, 23
What are the prime factors of 7112?
2, 7, 127
List the prime factors of 9.
3
List the prime factors of 4702.
2, 2351
List the prime factors of 2314.
2, 13, 89
List the prime factors of 54126.
2, 3, 31, 97
What are the prime factors of 23773?
23773
List the prime factors of 3791.
17, 223
What are the prime factors of 36304?
2, 2269
List the prime factors of 477.
3, 53
What are the prime factors of 112573?
112573
What are the prime factors of 2058?
2, 3, 7
What are the prime factors of 62877?
3, 20959
List the prime factors of 11113.
11113
What are the prime factors of 419?
419
List the prime factors of 5297.
5297
What are the prime factors of 239?
239
What are the prime factors of 26887?
7, 23, 167
What are the prime factors of 15174?
2, 3, 281
List the prime factors of 3292.
2, 823
List the prime factors of 6995.
5, 1399
List the prime factors of 99951.
3, 33317
What are the prime factors of 2610?
2, 3, 5, 29
What are the prime factors of 16105?
5, 3221
What are the prime factors of 18227?
11, 1657
What are the prime factors of 40830?
2, 3, 5, 1361
List the prime factors of 1798.
2, 29, 31
What are the prime factors of 2895?
3, 5, 193
List the prime factors of 31022.
2, 15511
What are the prime factors of 5264?
2, 7, 47
List the prime factors of 1459.
1459
List the prime factors of 416.
2, 13
What are the prime factors of 663?
3, 13, 17
List the prime factors of 14632.
2, 31, 59
What are the prime factors of 75752?
2, 17, 557
What are the prime factors of 27590?
2, 5, 31, 89
What are the prime factors of 74190?
2, 3, 5, 2473
List the prime factors of 586.
2, 293
What are the prime factors of 67440?
2, 3, 5, 281
What are the prime factors of 19244?
2, 17, 283
What are the prime factors of 7865?
5, 11, 13
List the prime factors of 1225.
5, 7
What are the prime factors of 24623?
24623
What are the prime factors of 9689?
9689
List the prime factors of 37712.
2, 2357
List the prime factors of 3168.
2, 3, 11
What are the prime factors of 14534?
2, 13, 43
List the prime factors of 16354.
2, 13, 17, 37
List th